What are the prime factors of 910?
2, 5, 7, 13
What are the prime factors of 14417?
13, 1109
What are the prime factors of 8671?
13, 23, 29
List the prime factors of 45916.
2, 13, 883
What are the prime factors of 31?
31
List the prime factors of 2565.
3, 5, 19
What are the prime factors of 63246?
2, 3, 83, 127
List the prime factors of 2083.
2083
List the prime factors of 400.
2, 5
List the prime factors of 153.
3, 17
What are the prime factors of 415?
5, 83
What are the prime factors of 167?
167
What are the prime factors of 3358?
2, 23, 73
List the prime factors of 1486.
2, 743
List the prime factors of 6230.
2, 5, 7, 89
What are the prime factors of 5964?
2, 3, 7, 71
List the prime factors of 1200.
2, 3, 5
List the prime factors of 1373.
1373
What are the prime factors of 1422?
2, 3, 79
List the prime factors of 941.
941
What are the prime factors of 2941?
17, 173
What are the prime factors of 2255?
5, 11, 41
What are the prime factors of 332?
2, 83
What are the prime factors of 173643?
3, 57881
List the prime factors of 1395.
3, 5, 31
List the prime factors of 540.
2, 3, 5
List the prime factors of 533.
13, 41
List the prime factors of 1301.
1301
What are the prime factors of 31915?
5, 13, 491
What are the prime factors of 16899?
3, 43, 131
List the prime factors of 33698.
2, 7, 29, 83
List the prime factors of 14148.
2, 3, 131
What are the prime factors of 40770?
2, 3, 5, 151
List the prime factors of 3387.
3, 1129
List the prime factors of 1138.
2, 569
What are the prime factors of 31178?
2, 7, 17, 131
List the prime factors of 14418.
2, 3, 89
What are the prime factors of 1008?
2, 3, 7
List the prime factors of 25612.
2, 19, 337
What are the prime factors of 2804?
2, 701
List the prime factors of 639.
3, 71
List the prime factors of 7507.
7507
List the prime factors of 49981.
151, 331
List the prime factors of 4411.
11, 401
List the prime factors of 4958.
2, 37, 67
What are the prime factors of 3597?
3, 11, 109
List the prime factors of 20514.
2, 3, 13, 263
List the prime factors of 22315.
5, 4463
List the prime factors of 8924.
2, 23, 97
List the prime factors of 12527.
12527
What are the prime factors of 415?
5, 83
List the prime factors of 7238.
2, 7, 11, 47
What are the prime factors of 110249?
41, 2689
List the prime factors of 18760.
2, 5, 7, 67
List the prime factors of 577.
577
List the prime factors of 4011.
3, 7, 191
What are the prime factors of 62798?
2, 17, 1847
List the prime factors of 1214.
2, 607
List the prime factors of 6960.
2, 3, 5, 29
What are the prime factors of 12880?
2, 5, 7, 23
List the prime factors of 2671.
2671
List the prime factors of 13182.
2, 3, 13
What are the prime factors of 7523?
7523
List the prime factors of 9367.
17, 19, 29
List the prime factors of 2089.
2089
What are the prime factors of 21925?
5, 877
What are the prime factors of 13740?
2, 3, 5, 229
List the prime factors of 2216.
2, 277
List the prime factors of 7228.
2, 13, 139
What are the prime factors of 211?
211
What are the prime factors of 577?
577
What are the prime factors of 2164?
2, 541
What are the prime factors of 8518?
2, 4259
What are the prime factors of 1977?
3, 659
What are the prime factors of 24258?
2, 3, 13, 311
List the prime factors of 791.
7, 113
What are the prime factors of 207?
3, 23
List the prime factors of 61365.
3, 5, 4091
What are the prime factors of 27380?
2, 5, 37
What are the prime factors of 24884?
2, 6221
What are the prime factors of 5347?
5347
What are the prime factors of 4536?
2, 3, 7
List the prime factors of 2245.
5, 449
List the prime factors of 2779.
7, 397
List the prime factors of 68602.
2, 34301
List the prime factors of 17296.
2, 23, 47
List the prime factors of 6511.
17, 383
List the prime factors of 13770.
2, 3, 5, 17
What are the prime factors of 10133?
10133
List the prime factors of 48816.
2, 3, 113
List the prime factors of 21092.
2, 5273
What are the prime factors of 22108?
2, 5527
What are the prime factors of 2924?
2, 17, 43
List the prime factors of 12741.
3, 31, 137
What are the prime factors of 1279?
1279
What are the prime factors of 819?
3, 7, 13
What are the prime factors of 204?
2, 3, 17
List the prime factors of 555.
3, 5, 37
List the prime factors of 969.
3, 17, 19
What are the prime factors of 90615?
3, 5, 7, 863
List the prime factors of 20228.
2, 13, 389
What are the prime factors of 12472?
2, 1559
What are the prime factors of 5404?
2, 7, 193
What are the prime factors of 18842?
2, 9421
What are the prime factors of 14928?
2, 3, 311
What are the prime factors of 2231?
23, 97
What are the prime factors of 470?
2, 5, 47
List the prime factors of 49255.
5, 9851
What are the prime factors of 21137?
23, 919
List the prime factors of 4224.
2, 3, 11
List the prime factors of 2599.
23, 113
What are the prime factors of 1237?
1237
What are the prime factors of 103?
103
What are the prime factors of 5584?
2, 349
List the prime factors of 295.
5, 59
List the prime factors of 30982.
2, 7, 2213
List the prime factors of 3311.
7, 11, 43
What are the prime factors of 4468?
2, 1117
List the prime factors of 649.
11, 59
List the prime factors of 5272.
2, 659
What are the prime factors of 2162?
2, 23, 47
What are the prime factors of 1182?
2, 3, 197
List the prime factors of 1402.
2, 701
What are the prime factors of 3539?
3539
List the prime factors of 2681.
7, 383
What are the prime factors of 53910?
2, 3, 5, 599
List the prime factors of 2360.
2, 5, 59
List the prime factors of 128893.
61, 2113
What are the prime factors of 861?
3, 7, 41
What are the prime factors of 2437?
2437
List the prime factors of 62737.
43, 1459
List the prime factors of 13753.
17, 809
List the prime factors of 144396.
2, 3, 7, 191
What are the prime factors of 981?
3, 109
What are the prime factors of 4419?
3, 491
List the prime factors of 20882.
2, 53, 197
List the prime factors of 251.
251
What are the prime factors of 88753?
7, 31, 409
What are the prime factors of 542?
2, 271
List the prime factors of 35698.
2, 13, 1373
What are the prime factors of 458?
2, 229
What are the prime factors of 140619?
3, 19, 2467
What are the prime factors of 13466?
2, 6733
What are the prime factors of 277?
277
What are the prime factors of 1422?
2, 3, 79
List the prime factors of 2642.
2, 1321
What are the prime factors of 1104?
2, 3, 23
What are the prime factors of 40136?
2, 29, 173
What are the prime factors of 1875?
3, 5
List the prime factors of 1962.
2, 3, 109
List the prime factors of 93640.
2, 5, 2341
What are the prime factors of 66538?
2, 17, 19, 103
What are the prime factors of 3302?
2, 13, 127
What are the prime factors of 708?
2, 3, 59
List the prime factors of 759.
3, 11, 23
List the prime factors of 636.
2, 3, 53
List the prime factors of 815.
5, 163
List the prime factors of 42.
2, 3, 7
List the prime factors of 3141.
3, 349
List the prime factors of 61129.
61129
What are the prime factors of 973?
7, 139
List the prime factors of 20740.
2, 5, 17, 61
What are the prime factors of 52636?
2, 13159
What are the prime factors of 8765?
5, 1753
List the prime factors of 85960.
2, 5, 7, 307
List the prime factors of 8083.
59, 137
List the prime factors of 36612.
2, 3, 113
What are the prime factors of 996?
2, 3, 83
What are the prime factors of 3602?
2, 1801
What are the prime factors of 19933?
31, 643
List the prime factors of 8363.
8363
What are the prime factors of 2007?
3, 223
List the prime factors of 15983.
11, 1453
List the prime factors of 95851.
7, 13693
List the prime factors of 20594.
2, 7, 1471
List the prime factors of 851.
23, 37
List the prime factors of 7564.
2, 31, 61
List the prime factors of 85096.
2, 11, 967
List the prime factors of 3912.
2, 3, 163
What are the prime factors of 911?
911
What are the prime factors of 2889?
3, 107
What are the prime factors of 9226?
2, 7, 659
List the prime factors of 19383.
3, 7, 13, 71
List the prime factors of 5150.
2, 5, 103
List the prime factors of 8338.
2, 11, 379
List the prime factors of 77219.
37, 2087
List the prime factors of 3248.
2, 7, 29
What are the prime factors of 7410?
2, 3, 5, 13, 19
List the prime factors of 1815.
3, 5, 11
What are the prime factors of 143821?
143821
What are the prime factors of 24039?
3, 2671
What are the prime factors 